ose -2236 = -14*g + f. What are the prime factors of g?
269
Let n(v) = -7*v**2 + 1042*v + 451. List the prime factors of n(100).
34651
Let y = -108 - -113. Suppose 4*m - 3204 = -3*s, 2392 = 2*m + m + y*s. List the prime factors of m.
2, 3, 67
Let a be 4/(-6) + 2/3. Suppose a = -5*z + 20, p + z - 20 = 3*z. List the prime factors of -15*1*3/(-18)*p.
2, 5, 7
Let u be 4/((-136)/(-40) + -3). Suppose 0 = u*q + 25*q - 9520. What are the prime factors of q?
2, 17
Suppose 6*b = 24309 - 45. What are the prime factors of b?
2, 3, 337
List the prime factors of (-13)/((-520)/(-15)) - 6/(336/(-1419173)).
2, 12671
Suppose -14*k + 87 = 45. Suppose -4*z + 576 + 6214 = 2*b, 0 = z + k*b - 1700. List the prime factors of z.
1697
Let a be 1*(-2 + 141*1). Let h(t) = -23*t**2 + 601*t - 10. Let b be h(26). Suppose 2*x - 4*f - b = 0, -5*x = 4*f - a - 87. What are the prime factors of x?
2, 3, 7
Let w(t) be the first derivative of -2*t**2 + 45*t - 8 - 2*t**2 - 13*t**2. List the prime factors of w(-5).
5, 43
Suppose -5*b = -20, 0 = 2*k - 4*k - 4*b + 32. Suppose -150 = k*o - 1862. List the prime factors of o.
2, 107
What are the prime factors of 100/45 - 2228292/(-81)?
2, 19, 181
Let l = -50 - -38. Let y = l + 14. What are the prime factors of (-3)/y*(-232)/6?
2, 29
Let r(j) = 73*j**3 + 3*j**2 - 12*j - 193. What are the prime factors of r(9)?
17, 53, 59
What are the prime factors of (-4)/(-12) + (-2820584)/(-111)?
25411
Let k = -32 + 15. Let m(s) = 50 + 5*s - 15*s - 5*s + 53 - 176. List the prime factors of m(k).
2, 7, 13
Suppose -153 = 3*v - 189. Suppose 2*g + 5*p - 3533 = 0, 2*p = v - 6. List the prime factors of g.
1759
Suppose 3*r - 3*p - 39 = -18, 5*r + 5*p - 15 = 0. Let n = -6 + r. What are the prime factors of 6*n*(4 - 32 - 3)?
2, 3, 31
Let o(p) = 9*p**2 - 55*p + 4519. List the prime factors of o(52).
3, 5, 1733
Suppose -3*d + 70185 + 93647 = 5*t, -163824 = -3*d - 3*t. List the prime factors of d.
2, 11, 17, 73
Let r be (6/(-8))/((-60)/160) - -972. Suppose 5*p + 2*g - 2435 = 0, 2*p - 4*p = -2*g - r. What are the prime factors of p?
487
Let r = 31 - 41. Let h = -2 - r. List the prime factors of h - ((-32)/(-4) - 4).
2
Suppose -21*t = -2889 - 1080. List the prime factors of (-21)/(t/198)*(-41 - 0).
2, 11, 41
Let a(n) = n**2 + 11*n + 4. Let x be a(-9). Let u(j) = -2*j - 29. Let o be u(x). What are the prime factors of (-18)/((-28)/72 + o/(-6))?
3
Let c be (-5)/((-75)/9) + (-12)/20. Suppose c = -9*y + 6*y + 840. Let n = 392 - y. What are the prime factors of n?
2, 7
Let s(u) = -u**2 - 23*u - 23. Let j be s(-22). Let f be (-2)/(1/2*j). Suppose -2*t - 348 = -2*z, -z + t + 886 = f*z. What are the prime factors of z?
2, 89
Let z = 15 + -13. Suppose z*o - 498 = -o. What are the prime factors of o?
2, 83
List the prime factors of -13 + (-9 - -21) - -4732.
3, 19, 83
Let x be -5*(12/(-10))/3. Suppose -3*i - x*s = -5 - 4, 0 = 2*i + 2*s - 6. Suppose -2*q - i*w = -88 - 77, 246 = 3*q + 3*w. What are the prime factors of q?
3
Let a be (-2)/(2*(-3)/6). Suppose v + 7 = a*p, 3*p - 3 = -0*p. Let j(c) = -28*c - 14. What are the prime factors of j(v)?
2, 3, 7
Let j(y) = -y**3 - 10*y**2 - 6*y - 42. Let v be j(-10). List the prime factors of (40/v - (-10)/(-45)) + 755.
757
Let x(z) = 69*z + 28. Let b(k) = 208*k + 85. Let f(w) = 4*b(w) - 11*x(w). What are the prime factors of f(2)?
2, 89
Let c(i) = 41*i + 398. Let h be c(-10). List the prime factors of 8 + (-33)/4 - 4839/h.
13, 31
What are the prime factors of (6/27 + (-803)/(-396))/(1/18516)?
3, 1543
Let y(z) = 2*z**3 + 25*z**2 + 29*z + 41. What are the prime factors of y(13)?
7, 1291
Suppose -2*b - 4*p = 212, b - 3*p = -0*p - 91. List the prime factors of ((-120)/b)/(1/180).
2, 3
Let w = -65 - 10. Let p be 416/(-30) + 10/w. List the prime factors of (29 - -5)*p/(-4).
7, 17
Suppose -2*q + 54 = 7*q. Suppose 0 = -3*v + q - 27. List the prime factors of (1 - -73) + 0/v.
2, 37
Let l(t) = t**3 + 9*t**2 - 4*t - 19. Let y be (10 + 0)/2*36/(-20). Let b be l(y). Suppose b*x - 36 = 15*x. List the prime factors of x.
2, 3
Suppose -18*y = 26986 - 8590. Let n = 1487 + y. List the prime factors of n.
3, 5, 31
Let f(k) = 32*k + 5*k**2 - 39 + 87*k + 8 - 30. List the prime factors of f(-32).
3, 139
Let f(r) = -9*r - 170. Suppose v + 45 - 15 = 0. List the prime factors of f(v).
2, 5
Suppose -3*r = -2*r. Let u be r + -3 + (-2 - -46). Let f = -23 + u. List the prime factors of f.
2, 3
Let c(d) be the third derivative of 5/6*d**3 + 0 + 18*d**2 + 1/3*d**5 + 1/3*d**4 + 0*d. What are the prime factors of c(-2)?
3, 23
Let j(i) = -i**2 - 10*i - 21. Let z be j(-6). Suppose -3*h + z = 0, -2*h = 3*f + 2*h - 1306. What are the prime factors of f?
2, 7, 31
Let j(o) = -o**3 - 10*o**2 + 11*o + 4. Suppose 50 = -8*z - 38. Let i be j(z). Let u(s) = 44*s + 3. What are the prime factors of u(i)?
179
Suppose 5*w + 6 = -2*s + 25, 3*s - 6 = 0. What are the prime factors of (-66)/(-2)*((-8 - w) + 12)?
3, 11
Suppose -82*i + 293957 + 643139 = 0. What are the prime factors of i?
2, 2857
Let n(g) = 11*g. Let h be n(3). Suppose h*s - 132 = 30*s. What are the prime factors of s?
2, 11
Let z = 712 + -1055. Let x = -207 - z. Let g = -37 + x. List the prime factors of g.
3, 11
Let x = -56 + 69. List the prime factors of (3159/(-2))/x*-2.
3
Let n be -4 + (-7 + 9 - -1368). Suppose -293 = -7*d + n. List the prime factors of d.
3, 79
Let p = -2124 + 4940. Suppose 11*m - p = 3*m. What are the prime factors of m?
2, 11
Suppose -36*b + 54*b + 20*b = 501030. List the prime factors of b.
3, 5, 293
Let o(c) = 306*c**2 + 13*c + 35. What are the prime factors of o(-3)?
2, 5, 11
Suppose -95251 = -2*y - 3*w, 29*y - 25*y = -5*w + 190495. What are the prime factors of y?
5, 89, 107
Suppose 2*d - 1 + 11 = 2*x, -2*x - 3*d = -35. Suppose -2817 = h - x*h. List the prime factors of h.
313
Let w = -208 + 200. Let i = w - -347. What are the prime factors of i?
3, 113
Let u(b) = -b**2 + 35*b - 147. Let l be u(30). Suppose -936 = -3*t - l*t. What are the prime factors of t?
2, 3, 13
Suppose -1 = g + 3*c, 0*c + 2*c - 4 = -3*g. Suppose d + g*w - 84 = 247, -2*d + 637 = -w. What are the prime factors of d?
3, 107
Let c be (9/3)/(6/(-4)). Let v be (1*c + -360)/(1 + 1). Let n = -111 - v. What are the prime factors of n?
2, 5, 7
Let w(b) = -3*b**3 - 3*b**2 + 10*b - 6. Let m be w(-11). Suppose -1414 = 14*j - m. List the prime factors of j.
2, 3, 5
Let i be -2*(4 - (-548)/(-8)). Let y = -129 + i. Suppose -v - 4 + 2 = y, 0 = 5*l - v - 902. List the prime factors of l.
2, 3, 5
Let d = 189 + -175. Suppose 36*y - 2640 = d*y. What are the prime factors of y?
2, 3, 5
Let h = 1 + 8. Suppose -12*o = -h*o - 174. Suppose f - 77 = -5*k + o, 524 = 4*f + 4*k. List the prime factors of f.
2, 5, 13
List the prime factors of (-366)/610 + (-55526)/(-10).
2, 347
Suppose -31*r + 34314 + 23685 = -33141. List the prime factors of r.
2, 3, 5, 7
Let b(x) = 1805*x - 255. List the prime factors of b(3).
2, 3, 5, 43
Let t(i) = 197*i**2 + 27*i - 6. List the prime factors of t(-7).
2, 4729
Suppose -19*d - 18*d = -75517. What are the prime factors of d?
13, 157
Let j = -4 - -11. Suppose -18582 = -20*m - 37*m. Suppose j*p - 1173 = -m. What are the prime factors of p?
11
Suppose -4*h - 37968 = -2*m, 14*h - 17*h = 2*m - 37947. List the prime factors of m.
2, 3, 3163
Let d = -526 - 98. Let u = 941 + d. What are the prime factors of u?
317
Let t be 19 - 3*(-4 - (-10)/3). Let l(p) = -p**3 + 22*p**2 - 21*p + 13. What are the prime factors of l(t)?
13
Let m(j) be the third derivative of 1/60*j**5 - 12*j**2 + 0*j + j**3 - 1/12*j**4 + 0. List the prime factors of m(7).
41
Suppose v = 3*v + 3*t - 58, 5*t = 10. Suppose -v*w - 983 + 5221 = 0. List the prime factors of w.
163
Let u = -24322 - -43496. List the prime factors of u.
2, 9587
Suppose -3*t + 15 = 0, 0 = 884*h - 885*h + 2*t + 5185. List the prime factors of h.
5, 1039
Let l(u) = 178*u**2 - 3*u + 142. List the prime factors of l(-9).
29, 503
Let l = -5137 + 12779. List the prime factors of l.
2, 3821
Suppose 9*g - 363 - 1725 = 0. Suppose 2*n + 604 = -4*y, -205 + 36 = y - 4*n. Let z = g + y. What are the prime factors of z?
79
List the prime factors of ((1833480/(-25))/22)/(4/(-10)).
2, 3, 463
Suppose 10*a + 8721 = 13*a. Let p be (a/36)/(2/8). Suppose -92 = -5*x + p. List the prime factors of x.
83
Let